 of 22718245?
2
What is the hundred thousands digit of 305229?
3
What is the hundreds digit of 38343?
3
What is the units digit of 483684?
4
What is the units digit of 3682157?
7
What is the ten thousands digit of 216228?
1
What is the hundred thousands digit of 2928061?
9
What is the units digit of 473926?
6
What is the millions digit of 1231170?
1
What is the millions digit of 1919884?
1
What is the thousands digit of 22307714?
7
What is the millions digit of 20836349?
0
What is the units digit of 1548367?
7
What is the ten thousands digit of 4282076?
8
What is the units digit of 3546262?
2
What is the millions digit of 1155240?
1
What is the ten thousands digit of 244607?
4
What is the tens digit of 640690?
9
What is the thousands digit of 1923708?
3
What is the tens digit of 66989?
8
What is the ten thousands digit of 6280022?
8
What is the ten thousands digit of 20744680?
4
What is the thousands digit of 57855?
7
What is the ten thousands digit of 4623331?
2
What is the hundred thousands digit of 175142?
1
What is the tens digit of 159588?
8
What is the ten thousands digit of 303123?
0
What is the hundred thousands digit of 836864?
8
What is the units digit of 478417?
7
What is the ten thousands digit of 1784081?
8
What is the thousands digit of 3021145?
1
What is the hundred thousands digit of 1369593?
3
What is the millions digit of 24730211?
4
What is the tens digit of 7089464?
6
What is the tens digit of 41429?
2
What is the tens digit of 3420257?
5
What is the units digit of 482163?
3
What is the ten thousands digit of 177243?
7
What is the hundred thousands digit of 196215?
1
What is the thousands digit of 1512467?
2
What is the units digit of 895539?
9
What is the ten thousands digit of 79402?
7
What is the hundred thousands digit of 230885?
2
What is the hundred thousands digit of 442074?
4
What is the units digit of 89817?
7
What is the millions digit of 8926440?
8
What is the millions digit of 19610715?
9
What is the tens digit of 3136302?
0
What is the units digit of 905684?
4
What is the hundred thousands digit of 3949347?
9
What is the millions digit of 7691921?
7
What is the ten thousands digit of 1094247?
9
What is the hundred thousands digit of 8928866?
9
What is the ten thousands digit of 138540?
3
What is the tens digit of 385280?
8
What is the millions digit of 2425413?
2
What is the tens digit of 1717019?
1
What is the millions digit of 1370095?
1
What is the hundreds digit of 202509?
5
What is the units digit of 460249?
9
What is the units digit of 5098760?
0
What is the units digit of 472642?
2
What is the hundreds digit of 729283?
2
What is the hundred thousands digit of 469318?
4
What is the tens digit of 4908896?
9
What is the tens digit of 679065?
6
What is the tens digit of 683961?
6
What is the hundred thousands digit of 711623?
7
What is the thousands digit of 4646465?
6
What is the ten thousands digit of 279260?
7
What is the tens digit of 332332?
3
What is the thousands digit of 607238?
7
What is the units digit of 3783855?
5
What is the thousands digit of 248893?
8
What is the units digit of 765167?
7
What is the units digit of 1400145?
5
What is the hundreds digit of 141194?
1
What is the units digit of 285534?
4
What is the ten thousands digit of 388376?
8
What is the thousands digit of 1149029?
9
What is the hundreds digit of 349674?
6
What is the millions digit of 1424812?
1
What is the ten thousands digit of 12307346?
0
What is the units digit of 270667?
7
What is the units digit of 35663?
3
What is the ten millions digit of 20742885?
2
What is the ten thousands digit of 950778?
5
What is the thousands digit of 17061930?
1
What is the units digit of 948677?
7
What is the thousands digit of 669378?
9
What is the ten thousands digit of 21466?
2
What is the hundred thousands digit of 214853?
2
What is the tens digit of 3261352?
5
What is the hundreds digit of 1369585?
5
What is the ten thousands digit of 16091361?
9
What is the ten thousands digit of 18642752?
4
What is the hundreds digit of 152029?
0
What is the tens digit of 789206?
0
What is the thousands digit of 32085?
2
What is the hundred thousands digit of 569418?
5
What is the ten thousands digit of 1114557?
1
What is the hundred thousands digit of 10849848?
8
What is the units digit of 236064?
4
What is the tens digit of 657908?
0
What is the hundred thousands digit of 1377329?
3
What is the tens digit of 7316418?
1
What is the units digit of 87446?
6
What is the hundred thousands digit of 288388?
2
What is the units digit of 1301446?
6
What is the units digit of 888090?
0
What is the hundreds digit of 1155240?
2
What is the hundreds digit of 13177023?
0
What is the hundreds digit of 1624794?
7
What is the thousands digit of 262055?
2
What is the tens digit of 6079661?
6
What is the millions digit of 2466903?
2
What is the hundreds digit of 731480?
4
What is the hundred thousands digit of 313887?
3
What is the hundred thousands digit of 6537552?
5
What is the units digit of 383964?
4
What is the ten thousands digit of 9240848?
4
What is the hundreds digit of 162933?
9
What is the units digit of 19096770?
0
What is the thousands digit of 8513356?
3
What is the thousands digit of 17126740?
6
What is the hundred thousands digit of 358091?
3
What is the thousands digit of 679545?
9
What is the thousands digit of 402705?
2
What is the millions digit of 4439285?
4
What is the hundreds digit of 426807?
8
What is the hundreds digit of 81455?
4
What is the hundreds digit of 2271578?
5
What is the hundred thousands digit of 3550099?
5
What is the ten thousands digit of 80452?
8
What is the tens digit of 1095260?
6
What is the hundred thousands digit of 2348168?
3
What is the thousands digit of 959167?
9
What is the ten thousands digit of 2488046?
8
What is the ten thousands digit of 359288?
5
What is the ten thousands digit of 548278?
4
What is the thousands digit of 1079504?
9
What is the millions digit of 15207462?
5
What is the thousands digit of 9382454?
2
What is the units digit of 512050?
0
What is the tens digit of 121032?
3
What is the hundreds digit of 91652?
6
What is the tens digit of 289105?
0
What is the ten thousands digit of 371205?
7
What is the thousands digit of 15212450?
2
What is the hundred thousands digit of 2953729?
9
What is the units digit of 1642222?
2
What is the tens digit of 402350?
5
What is the tens digit of 309132?
3
What is the tens digit of 5621698?
9
What is the hundred thousands digit of 242631?
2
What is the thousands digit of 6203382?
3
What is the tens digit of 548637?
3
What is the hundred thousands digit of 135654?
1
What is the ten thousands digit of 15851545?
5
What is the ten thousands digit of 368088?
6
What is the units digit of 730037?
7
What is the tens digit of 116008?
0
What is the ten thousands digit of 349133?
4
What is the thousands digit of 3439178?
9
What is the tens digit of 4920643?
4
What is the ten thousands digit of 1175402?
7
What is the thousands digit of 37139289?
9
What is the millions digit of 3273849?
3
What is the hundreds digit of 1056341?
3
What is the units digit of 3910769?
9
What is the tens digit of 248452?
5
What is the hundreds digit of 191103?
1
What is the tens digit of 373981?
8
What is the hundreds digit of 616371?
3
What is the units digit of 923202?
2
What is the ten thousands digit of 4337643?
3
What is the hundreds digit of 776822?
8
What is the hundred thousands digit of 937681?
9
What is the units digit of 31861114?
4
What is the ten millions digit of 21529964?
2
What is the units digit of 5360233?
3
What is the ten thousands digit of 344731?
4
What is the thousands digit of 314344?
4
What is the ten thousands digit of 6708283?
0
What is the ten thousands digit of 1234878?
3
What is the thousands digit of 7570343?
0
What is the units digit of 408608?
8
What is the ten thousands digit of 442469?
4
What is the tens digit of 458088?
8
What is the ten thousands digit of 2757781?
5
What is the ten thousands digit of 242553?
4
What is the hundreds digit of 5088575?
5
What is the units digit of 40784?
4
What is the millions digit of 9566448?
9
What is the hundred thousands digit of 8385548?
3
What is the thousands digit of 2134015?
4
What is the hundred thousands digit of 1